 733. Let k be d(-57). What are the prime factors of (t/14)/(6/k)?
2, 29
List the prime factors of 5340/(-4 + (-472)/(-64) + -3).
2, 5, 89
Let s(v) = 1193*v + 397. List the prime factors of s(2).
11, 23
Suppose -21*u - 147532 = -28*u. Suppose -43*v + u + 1628 = 0. List the prime factors of v.
2, 3, 11
Suppose -r + 26*b - 29*b + 47239 = 0, -5*b - 141675 = -3*r. What are the prime factors of r?
2, 5, 4723
Suppose 20 = 5*z, 3*n + 6*z + 941 = 5*z. List the prime factors of (-170982)/n - 8/10.
2, 271
Let t be (-3)/4 + (-9)/(-12) - -15. List the prime factors of t/((-315)/(-2296))*3.
2, 41
Suppose -168806 = -4*s + 5*d, 3*s = -2*d + 74964 + 51652. List the prime factors of s.
2, 3, 3517
Suppose 2 = -3*j - 5*x + 6, 2*x + 8 = 2*j. Suppose -g - 14 + 1733 = 2*q, j*q - 2586 = -3*g. List the prime factors of q.
857
Suppose -3 - 6 = -3*j. Suppose j*l - 3*s = l - 5, 2*s + 4 = 5*l. Suppose -3*b - l*b + 363 = -a, 0 = -2*b + 5*a + 159. List the prime factors of b.
2, 3
Let k(u) = -2*u**2 - 6*u + 20. Let j be k(-5). Suppose j*h = -h + 53. What are the prime factors of h - 1 - 1 - (-94)/(-47)?
7
Let f(r) = -14*r - 11*r**2 - 29 + r + 3*r**3 - 24 + 50. What are the prime factors of f(7)?
2, 3, 11
Let s = 27138 - -1762. What are the prime factors of s?
2, 5, 17
Suppose 0 = -16*d + 19 + 29. Suppose 4*n - 1865 = -d*c, -n + c + 575 = 100. What are the prime factors of n?
2, 5, 47
Suppose 3*j + 5*r + 97 = 6*j, 71 = 4*j + 5*r. Suppose 25*z - j*z - 18 = 0. What are the prime factors of (-394)/(-10) - 4*z/(-120)?
2, 5
Let f(t) = 67*t - 16*t**2 - 48*t + 64 - t**3 + 25. What are the prime factors of f(-17)?
5, 11
Suppose 0 = 11*p - 10*p + 3*t - 14239, 2*t + 14239 = p. List the prime factors of p.
29, 491
Suppose 143*q + 64 = 147*q. Suppose -2*k - 19 = -l, -18*k + q*k = -4*l + 88. What are the prime factors of l?
23
Suppose -10*j + 429351 = 40*j - 254299. What are the prime factors of j?
11, 113
Let w(z) = 15*z**2 - 25 - 2*z**3 + 14*z - 3*z + 3*z**3. Let b = 5358 - 5372. List the prime factors of w(b).
17
Suppose -n = -4*z + 80483, 0 = z - 6*z - 4*n + 100567. What are the prime factors of z?
11, 31, 59
Suppose -2*r + 27381 = c, r - 35*c = -37*c + 13683. What are the prime factors of r?
13693
Suppose 4*r + 3*o = 3*r + 9, 0 = -4*r - 4*o + 60. Let t(n) = -n**3 + 18*n**2 + 3*n - 25. List the prime factors of t(r).
29
Let r be (-2)/(-3)*((1 - -4) + 1). Let f be (-426)/(1*-1*4/r). Suppose -3*c = 138 - f. What are the prime factors of c?
2, 3
Suppose -5*z - 5 = 22*v - 23*v, z + 2*v = -12. List the prime factors of 152/z*(6 + (-351)/36).
3, 5, 19
Let r(k) = 407*k**2 - 25*k + 45. Suppose 92*w - 90*w = -2, -2*w - 6 = -2*h. List the prime factors of r(h).
3, 541
Let z be 1*-1*1 - 63360/55. Let p = z - -1671. What are the prime factors of p?
2, 7, 37
Suppose -250*g - 6*g = -13957888. What are the prime factors of g?
7, 7789
Let o = 13294 + -9119. Let d = o + -2915. What are the prime factors of d?
2, 3, 5, 7
Suppose -8 = 2*r - 5*b, -4*r + b + 2*b + 12 = 0. Let p be 1199/7 - 3/(63/r). Suppose p = 3*q - 4*y, 2*q + y = 11 + 114. List the prime factors of q.
61
Let o(t) = -2*t**3 - 8*t**2 + 2*t + 5. Let z be o(-4). List the prime factors of z - 2512/(-20) - (-34)/85.
3, 41
Suppose 155 = -5*m + 60. Let t = 23 + m. Suppose -t*b = -291 + 43. List the prime factors of b.
2, 31
Let t(b) = b**3 + 21*b**2 - 2*b + 8. Let q be t(-21). Suppose 5*f = 5*g + 2*f - q, -4*f = 2*g - 46. Suppose 64 = y + g. What are the prime factors of y?
3, 17
Let l(t) = -6*t**3 + t**2 - 4*t + 2. Let w be l(1). Let i(n) = -3*n**2 + 4*n**2 + 12 + 0*n**2 - 4*n + 10*n. List the prime factors of i(w).
19
Let j be (-3399)/27 - (2 - 4)/(-18). What are the prime factors of 486*(-7)/(j/12)?
2, 3
Let a(l) = -l**3 + 6*l**2 - 4*l - 3. Let u be a(5). Suppose u*c - 4*c - 194 = 0. Let v = -52 - c. What are the prime factors of v?
3, 5
Let z be (2 + -59)/((-1)/7). Suppose -33 - 1531 - 5770 = 38*n. Let y = z + n. What are the prime factors of y?
2, 103
Let k = -27762 - -56459. List the prime factors of k.
28697
Suppose 4*i + 4*i - 6136 = 0. Suppose 0 = 3*s - 619 - i. Suppose -117 + s = 5*u. List the prime factors of u.
3, 23
Let b = 29 - 17. Suppose -9*u + 4*u + 7275 = 5*c, -2*u + 2895 = -3*c. Suppose -1692 = -b*f + u. List the prime factors of f.
2, 131
Let f be 4 - (-4)/8 - (-2)/(-4). Suppose -1 = -d + f. Suppose -2*w + 4*g + 353 = 5*g, w - 199 = -d*g. List the prime factors of w.
2, 3, 29
Let f(s) be the third derivative of s**5/60 + s**4/6 - s**3/3 - 16*s**2. Let j be f(-5). What are the prime factors of (-14)/42 - (-127)/j?
2, 3, 7
Let k(g) = -4*g + 54. Let o be k(13). List the prime factors of (-5)/(-30)*o*1191.
397
Suppose -330 = -9*o + 4*o. Let z be (2628/(-365))/(2/(-40)). Let r = z - o. List the prime factors of r.
2, 3, 13
Suppose 0 = 1377*w - 1367*w - 12550. List the prime factors of w.
5, 251
Let h be (-2)/8 + (-21)/12. Let b(p) = p + 21. Let v(a) = 3*a + 62. Let g(k) = h*v(k) + 7*b(k). What are the prime factors of g(0)?
23
Suppose 41*h - 189627 = 25433 + 17082. What are the prime factors of h?
2, 19, 149
Let c = -300 + 115. Let l = 260 + c. List the prime factors of l.
3, 5
Let w be ((-1)/6)/(4/(-24)). Let j be w + 0/1 - -4. Suppose j*m + 10 = 0, 0 = -3*b + 2*b - 5*m + 35. What are the prime factors of b?
3, 5
Let b(f) = 2*f - 15. Let j be b(4). Let d(m) = -16*m - 5. Let z(t) = 15*t + 5. Let c(o) = j*z(o) - 6*d(o). What are the prime factors of c(-11)?
2, 47
Let m(d) = -7*d - 140. Let w be m(-22). Suppose 45*b = w*b + 19220. List the prime factors of b.
2, 5, 31
Let h = 122 + -122. Suppose h = 255*s - 261*s + 3420. What are the prime factors of s?
2, 3, 5, 19
Suppose -15416 = 5*b - 4*t, -18*b - 3*t - 12308 = -14*b. What are the prime factors of (6/(-4))/(42/b)?
2, 5, 11
Let w(m) = 121*m + 2004. List the prime factors of w(25).
47, 107
Suppose 162*r - 8150700 = -287*r + 149*r. What are the prime factors of r?
101, 269
Let n(a) = -a**2 + 13*a - 11. Let y(p) = -4*p - 8. Let f be y(-5). Let x be n(f). What are the prime factors of x/(-3) + (-1164)/(-9)?
3, 43
Let m(c) = 193*c**3 + 2*c**2 + 3*c + 6. Let g(v) = -191*v**3 - v**2 - 3*v - 5. Let s(b) = -6*g(b) - 5*m(b). List the prime factors of s(2).
2, 719
Suppose 172*v - 182*v = -61580. List the prime factors of v.
2, 3079
Suppose 908 = -44*r + 45*r. What are the prime factors of -1*(4 + -4 - r) - 4?
2, 113
Suppose 3*u = 6*u - 4*k + 6, 0 = -4*k + 12. Let a be (u - 3)*(0 - 564)/4. Suppose -14 = x - a. List the prime factors of x.
127
Suppose -2930 = -24*t + 4246. Suppose -7*x = -12*x - j + 1539, x - 2*j = t. List the prime factors of x.
307
Let d = 4237 - -26808. List the prime factors of d.
5, 7, 887
Suppose -9*o + 27 = -9. What are the prime factors of -21*o/12 + 714?
7, 101
Suppose -17*n - 75*n + 1148988 = 0. What are the prime factors of n?
3, 23, 181
Suppose -59 = 6*t - 89. Let j(w) = w**3 - w**2 + w. Let n(q) = 3*q**3 + 2*q**2 + 8*q - 3. Let a(g) = 5*j(g) - n(g). List the prime factors of a(t).
3, 7
Let h(z) = 721*z + 9216. List the prime factors of h(14).
2, 5, 1931
Suppose 6*w - d - 151566 = 0, -10*w + 11*w + 5*d - 25292 = 0. List the prime factors of w.
2, 17, 743
Let b(l) = 27*l - 83. What are the prime factors of b(81)?
2, 263
Let j(i) = -5*i + 31. Let o be j(3). What are the prime factors of (-7705)/(-25) + o/(-80)?
2, 7, 11
Let m be (19/(-57))/(2/1110). Let n = 738 - m. List the prime factors of n.
13, 71
Let o(g) = -400*g + 1215. What are the prime factors of o(-24)?
3, 5, 7, 103
Let n = -30 - -27. Let v be n/5 + (-756)/(-60). Suppose -3041 = -v*q - 377. List the prime factors of q.
2, 3, 37
Let a = 42 + -35. Suppose 2*p + a = 1, -192 = -5*y - p. Suppose f = 85 + y. List the prime factors of f.
2, 31
Suppose l = 2*r + 16, r + 15 = -4*l - 2. Let a be -4 + (-3)/(r/(-21)). List the prime factors of (a - -3)/((-4)/8).
2
Let p be (-1 - 4) + -63 + 49. Let i(u) = -u**3 - 11*u**2 + 52*u - 39. List the prime factors of i(p).
1861
Let v(c) = c**3 + 5*c**2 - c - 12. Let j be v(-5). Let u(k) = -30*k - 12. Let d be u(j). List the prime factors of 2/((-194)/d + -2 + 3).
3, 11
Let q(y) = -y**3 - 6*y**2 + 6*y - 5. Let g be q(-7). Suppose -a + 3 = -g. Let h(v) = v**3 - 5*v**2 + 4*v + 10. List the prime factors of h(a).
2, 3, 5
Let v(b) = -11*b**2 - 66*b - 10. Let i be v(-6). Sup